mmon divisor of i and 105?
21
Suppose -10*n = -1394 + 394. Calculate the greatest common factor of 40 and n.
20
Let j(v) = v - 83. Let i be j(28). Let u be -3 + 3 + 1 - (i + 1). Let f = -4 + 9. What is the highest common divisor of u and f?
5
Let x be (-9)/((-5)/(-20) - 85/100). What is the greatest common factor of 10 and x?
5
Suppose 0 = -9*t + 6*t - 27. Let n be ((-14)/(-21))/((-2)/t). Suppose -b = 2*c - c - 5, -55 = -4*c + n*b. What is the greatest common divisor of c and 90?
10
Let h be 8 + (-66)/9 + 97/3. Let w(x) = 4*x**2 - 3*x - 8. Let d be w(4). Calculate the highest common factor of h and d.
11
Suppose -51 = -2*w + 29. Let q(u) be the third derivative of u**4/24 + 7*u**3/3 + 19*u**2. Let a be q(6). What is the greatest common divisor of a and w?
20
Let j = -3 - -5. Let m = 15 - 10. Suppose j*c - 49 = -m. Calculate the greatest common factor of 11 and c.
11
Let q = 1075 + -853. What is the highest common factor of q and 12?
6
Let r be (-3)/(-9) - 2/(-3). Suppose 2*j - 18 = -4*w, 5*w + 4*j = -0*j + 24. What is the highest common divisor of w and r?
1
Let d(r) = -11*r**3 + 4*r + 7. Let n be d(-2). What is the greatest common divisor of 464 and n?
29
Let p(r) = 2 + 2 + 1 + r + 0. Let h be p(9). What is the greatest common factor of 112 and h?
14
Let b(n) = -17*n**3 + 5*n + 4. Let j be b(-3). Suppose 0 = 3*p - 125 - j. Let q = p + -47. What is the greatest common factor of 16 and q?
16
Let m = 1 - -1. Let x(p) = 0*p - 6*p - 1 + m*p**2 - 4*p**2 + 4*p**2. Let n be x(-4). What is the greatest common divisor of 22 and n?
11
Suppose 3*k + 12 = 0, -q = 2*k - 0*k + 9. Let r be ((-88)/(-110))/(q/5). Let t be (-328)/(-5) - r/10. Calculate the greatest common factor of t and 44.
22
Let j be ((-48)/20 + 4)/((-6)/(-15)). Let v(n) = 2*n**3 - 2*n**2 - 2*n - 8. Let g be v(j). What is the greatest common factor of 8 and g?
8
Suppose -14*g + 124 = -12*g. Calculate the greatest common divisor of g and 186.
62
Suppose 15 + 15 = 15*d. Let v be 0 + (-1)/(2/(-4)). Let o be v/(-2) + (7 - 1). What is the greatest common divisor of o and d?
1
Let a be ((-140)/(-80))/(2/8). What is the greatest common factor of a and 2?
1
Suppose 4*z - 12*x - 53 = -15*x, x + 15 = z. Calculate the greatest common divisor of 406 and z.
14
Suppose 3*z = -1 - 11. Let u = z + 11. Let h(b) = b**3 - 4*b**2 - 9*b - 4. Let d be h(u). Calculate the highest common divisor of 32 and d.
16
Suppose 8 = 4*d + 20. Let g(k) = 1 + 2 - 6 - 2*k + 1. Let i be g(d). Calculate the greatest common factor of i and 2.
2
Let l be (10/3)/(1/(-9)). Let j(g) = g**3 - 25*g**2 - 22*g - 58. Let d be j(26). Let b = d + l. What is the greatest common factor of 112 and b?
16
Suppose 4*g + 12 = 0, -4*f = -0*f - 3*g - 73. Let y(q) = -q**2 + 24*q - 15. Let u be y(23). Calculate the highest common factor of u and f.
8
Suppose -211*h + 209*h = -258. Let r = 408 - h. Calculate the highest common factor of 31 and r.
31
Let s(p) = -p**3 - 13*p**2 - 36*p - 9. Let f be s(-3). Suppose -2*m + m + 90 = 0. What is the greatest common divisor of f and m?
9
Suppose -20*u + 138 = -17*u. Suppose -d = -u + 2. Calculate the highest common factor of 110 and d.
22
Suppose 2*y + 13 = -5*v, -2*v - 3*y = -2*y + 5. Let z be (40/v)/(1/(-6)). Calculate the greatest common factor of 16 and z.
16
Let d(i) = i**2 + 13*i - 16. Suppose 4*o + 58 + 6 = 0. Let w be d(o). Calculate the highest common divisor of w and 4.
4
Let f = 67 - -1. Suppose -2*o = 2*o + 16, -h - 5*o = -f. What is the greatest common factor of 11 and h?
11
Suppose -5*x = -16 - 49. Let d = 25 - x. Suppose -7*v + 64 + 62 = 0. Calculate the highest common divisor of v and d.
6
Let a be (48/(-9))/((-4)/78). Let l be 16 + (-2 - -5 - 6). Calculate the highest common divisor of a and l.
13
Let s = 132 - 123. Let n(t) = -t**3 + 9*t**2 - t + 19. Let d be n(s). Calculate the highest common factor of d and 10.
10
Let h(b) = -b**3 - 11*b**2 - 19*b - 9. Let x be h(-11). Calculate the greatest common factor of x and 25.
25
Let x = 58 + 92. Let h(b) = -b + 11. Let g be h(8). Suppose g*p = -2*p + x. Calculate the greatest common divisor of p and 90.
30
Let m(g) = 19*g - 33*g + 5 + 15*g - 4. Let p be m(23). What is the greatest common divisor of p and 16?
8
Let l(q) = 3*q**2 - 28*q - 96. Let z be l(-3). What is the greatest common factor of z and 80?
5
Suppose l + 14 = -5*o, 4*l = 3*o + 2 + 11. Let w be -1*(-8)/(-12)*l*-39. What is the greatest common factor of 208 and w?
26
Suppose 28 = -15*h + 43. Let s = 12 + -5. Calculate the greatest common factor of s and h.
1
Suppose -u = -4*p - 23, -3*p - 22 + 7 = 0. Suppose 0 = -u*l - 3*w + 159, -2*l = 3*w - 7 - 96. What is the highest common factor of 7 and l?
7
Suppose 494*u - 491*u - 30 = 0. Let m be -3*2*10/(-12). What is the greatest common factor of m and u?
5
Suppose 3*j + 58 = 298. Suppose 0 = 2*n + 208 - 62. Let p = -63 - n. What is the highest common divisor of p and j?
10
Suppose 0*z - 37 = -3*z + j, -2*z = 2*j - 22. Let v = -169 - -229. What is the highest common divisor of z and v?
12
Let n(s) = -s**2 - 14*s - 2. Let t be n(-13). Let g(l) = l**2 - 4*l + 11. Let v be g(t). Let p = 25 + -17. Calculate the greatest common divisor of v and p.
8
Let u(h) = 24*h**3 - 2*h**2 + 2*h - 1. Let q be u(1). Suppose -12 = 6*a + 690. Let i = -94 - a. Calculate the highest common divisor of i and q.
23
Suppose 2*x + 2*f - 56 = 0, -4*x + 32 = 5*f - 76. Calculate the greatest common divisor of x and 992.
32
Let p(v) = -v**3 - 6*v**2 - 6*v. Let b = 29 + -37. Let t be p(b). Calculate the highest common divisor of 22 and t.
22
Let x be 16/(-1 - -5) - -1. Suppose 5*n - 10 = -x*p, -5*n - 2*p + 8 = 1. What is the highest common factor of n and 3?
1
Let l be 2/10*-787 + 6/15. Let y = l + 163. What is the highest common factor of y and 6?
6
Suppose -2*b + 5*p = 1, b + 3*b + p = -57. Let f be 782/8 - b/52. What is the highest common divisor of f and 14?
14
Suppose 3 = 3*h - 27. Suppose 39 = 3*x - 2*l, 4*x - 3*l = 26 + 25. Let g be 0 + (-9)/x + 6083/55. What is the highest common factor of g and h?
10
Suppose -2*x = -z + 40, 5*z - 7*z = x - 85. What is the greatest common divisor of z and 28?
14
Let n(b) be the second derivative of -b**4/12 + 7*b**3/6 + 3*b**2 + 18*b. Let l be n(7). Calculate the greatest common factor of 8 and l.
2
Let t = 407 + 410. Suppose t = -7*d + 3183. Suppose -1 = i, p + 4*i - d = -2*p. What is the greatest common factor of 76 and p?
38
Let q(y) = -y**3 - 4*y**2 - 4. Let k be q(-5). Let i(n) = -n**3 + 4*n - 4. Let p be i(4). Let b = 55 + p. Calculate the greatest common factor of k and b.
3
Suppose 4*q - 5 = -o, 2*o = q - 1 + 11. Suppose 5*a = -5*i, -2*i + a - 5*a = 2. What is the highest common divisor of o and i?
1
Let d be (-1)/((-6)/21 - (-15)/63). Suppose -w = -5, -5*i - 2*w + d = -49. Calculate the highest common divisor of 84 and i.
12
Let k = 7 + -3. Suppose 168*j - 94*j - 444 = 0. What is the greatest common factor of j and k?
2
Suppose -217*n + 225*n = 360. Calculate the highest common divisor of n and 5.
5
Let t be (-3)/5 + (-52)/(-20). Suppose t*u - 20 = -3*u. Let a be (24/18)/(2/24). Calculate the highest common divisor of a and u.
4
Suppose 44 + 16 = -4*k. Let d(p) = -p**2 - 16*p. Let t be d(k). Calculate the greatest common factor of 150 and t.
15
Let b = 15 + -13. Let t be (b + -8 + 4)/(2/(-6)). What is the highest common factor of 3 and t?
3
Suppose -3*n = -n - 6. Suppose -3*o + 2*b = -340, 0 = -3*b - 18 + n. What is the greatest common factor of 22 and o?
22
Suppose 0 = 5*g - 2*f - 28, 3*g - 10 = 2*f + 10. Suppose g = 4*l - 3*l. Suppose 0*i = l*i - 44. What is the greatest common factor of 77 and i?
11
Suppose -4*i = -5*s + 18 - 96, -10 = 5*s. Let d = 19 - i. Calculate the greatest common divisor of 6 and d.
2
Let s = 257 + -224. Calculate the greatest common divisor of s and 264.
33
Let r be 3/(-9) - (-66)/9. Suppose -48 = -r*n + 4*n. What is the greatest common factor of n and 144?
16
Suppose -213 = 14*q - 1263. What is the greatest common divisor of q and 1275?
75
Let j be 3 + (1*-2)/(8 + -10). Suppose 5*b - 156 = -5*t + 159, j*t = 0. What is the greatest common factor of b and 7?
7
Let r = -69 + 45. Let s = -2 - r. What is the greatest common divisor of 55 and s?
11
Let d = 5 + 1. Let x be ((-8)/6)/(14/21). Let q be 72/